 146 - p. Calculate the greatest common divisor of 3 and f.
3
Let j = 44 + 28. Let u = 514 - 466. Calculate the highest common divisor of u and j.
24
Suppose -45 + 51 = -3*q. Let h be (-303)/(-11) + 21/77*q. What is the highest common divisor of h and 261?
9
Suppose -1845 - 1503 = -9*y. Calculate the highest common divisor of y and 8680.
124
Suppose 4*a + 2*h - 1280 = 0, 2*a = -105*h + 110*h + 640. Calculate the greatest common divisor of a and 288.
32
Let f be (150/(-200))/(2/(-136)) + -4. Let h = -204 + 439. Calculate the greatest common factor of f and h.
47
Suppose 4*s + 5*u = -46 + 21, 3*s = 2*u + 10. Suppose s = -8*r + 3*r + 1045. Calculate the greatest common factor of r and 22.
11
Let r be ((-22)/(-8))/((-2)/(-8)). Let o be (-43)/(4 - 126/30). Let q = -182 + o. Calculate the highest common factor of r and q.
11
Let k = -2529 + 3688. What is the highest common divisor of 95 and k?
19
Let h be 2 + -2 - (-24)/6. Suppose h*q = 3*q + 7. Let a(j) = j**3 - 4*j**2 + 11*j + 5. Let p be a(4). What is the greatest common factor of q and p?
7
Let w(c) be the second derivative of -c**4/6 + 17*c**3/6 - c**2/2 + 12*c - 4. Let k be w(5). What is the greatest common divisor of 238 and k?
34
Let r = 12623 - 12603. Calculate the highest common divisor of r and 1010.
10
Let u be (-76)/95 + (1 - 328/(-10)). Suppose 6*b = 2*b + 12. Let w be 0 + (14 - 0) - b. What is the highest common factor of u and w?
11
Let h = 80 - 78. Let g(p) = 3*p**2 - 7. Let b be g(h). Calculate the greatest common divisor of 15 and b.
5
Suppose -1491316 = 326*l - 8636910. What is the greatest common factor of l and 23?
23
Let v(a) = -a**2 - 2*a + 5. Let k be v(0). Suppose -k*q = -2*z - 119, -2*q + 4*z = -z - 56. Calculate the highest common factor of q and 161.
23
Suppose 80*g - 64*g - 240 = 0. What is the greatest common factor of g and 50?
5
Let o be (-6)/14*(-14)/2. Suppose -o*s + 0*s + 6 = 0. Suppose -36 = -3*c - 4*t + 28, 0 = 5*c - s*t - 72. What is the highest common factor of c and 2?
2
Let b(y) = 33*y**3 + y**2 - 4*y + 4. Let j = 477 + -476. Let k be b(j). Calculate the greatest common factor of k and 238.
34
Suppose 4*p + 1544 = 4*j, -1340*j + 2*p = -1342*j + 780. Calculate the greatest common factor of 1455 and j.
97
Suppose 3*d = 2*f + 320, -f + 101 + 225 = 3*d. Let g = -76 + d. Let m(s) = 44*s - 116. Let t be m(3). Calculate the highest common divisor of t and g.
16
Let v(a) = 14771*a**2 - 5*a - 3. Let r be v(-1). Calculate the highest common factor of r and 79.
79
Let c = 6771 - 6243. Suppose -4*p + 3*y - 77 + 263 = 0, 3*y = 6. Calculate the greatest common divisor of c and p.
48
Let s(n) = -6*n**3 - 3*n**2 - n + 1. Suppose 4 = 2*y - 4. Suppose 3*o + y = -o. Let q be s(o). What is the highest common divisor of q and 55?
5
Let w(h) = 4*h**3 + 3*h**2 - 13*h + 13. Let d be w(5). Let g = -499 + d. Calculate the greatest common divisor of g and 240.
24
Let h = -156 + 158. Suppose 4*k - 4*f - 180 = k, -h*k - f = -109. What is the greatest common factor of 84 and k?
28
Let l(j) = -j**3 - 8*j**2 - 22*j - 25. Let u be l(-5). Suppose -3*w + 4*v + 822 + 0 = 0, 2*w = 2*v + 546. What is the greatest common factor of u and w?
10
Suppose 2*a = 5*x - 58 + 44, 2*a = -x + 10. Calculate the greatest common factor of 292 and x.
4
Suppose -11 = -o - 3. Let d = -1194 - -1197. Suppose -d*k - 9 = 0, 3*q + k + 22 = 43. What is the highest common factor of o and q?
8
Suppose -2*a + 251 = 3*l - 2*l, -2*a = -4*l + 974. Let z = -12019 + 12089. What is the highest common factor of l and z?
35
Suppose -s - c + 1 = 3*s, s = -2*c + 2. Let d be 6/(-3) + (6 - 1). Suppose 336 = d*r - s*r. What is the greatest common factor of r and 16?
16
Let n(j) = 17*j**3 - 7*j**2 - 17*j + 95. Let q be n(3). What is the greatest common divisor of q and 140?
20
Suppose 0*w - 14 = -w. Let f = 3367 - 3129. What is the highest common factor of f and w?
14
Let i be (2/10*0)/(3 + -2). Suppose -3*z + 2*z + 39 = i. What is the highest common divisor of 13 and z?
13
Suppose -2*j + 2*p + 4 = 0, -j + 4*p - 2 = -2*j. What is the greatest common factor of j and 187?
1
Suppose s + 2 = 0, 5*b - 14*s - 82 = -10*s + 66. Let z(n) = -49*n. Let c be z(-2). Calculate the highest common factor of b and c.
14
Let j = 125 - 133. Let z = j + 10. Let l be 32 - (z/3 - (-40)/12). Calculate the greatest common divisor of 70 and l.
14
Suppose 0*a + 5*o = 4*a - 97, -121 = -4*a - 3*o. Suppose 2*b + 3*m = 39, -4*m - 108 = -4*b - 0*m. What is the greatest common divisor of a and b?
4
Let n be 25 - (12/(-6) + 9). Let y = -21 - 23. Let g be 1972/10 - y/55. What is the highest common factor of n and g?
18
Let w = -5561 - -5945. Calculate the highest common divisor of w and 132.
12
Suppose 64 - 44 = 2*g. Let t be (15/g*11)/(3/4). Calculate the greatest common divisor of 55 and t.
11
Let z be ((-3)/(-18) - 28/24)/1. Let f(y) = -74*y**3 + 5*y**2 - 4. Let n be f(z). Calculate the highest common divisor of 45 and n.
15
Suppose -49*j + 52*j + 5*z = 8, -4*z - 32 = 0. What is the highest common factor of j and 936?
8
Let v be (90/(-20))/(2/(-84)). Suppose 3097 = 7*t + 12*t. Let a = v + t. Calculate the greatest common divisor of a and 32.
32
Suppose -7*q = -q - 84. Suppose q*r - 3196 = -3*r. What is the greatest common divisor of r and 141?
47
Let r(z) = -2*z**2 - 54*z - 318. Let c be r(-16). Calculate the highest common factor of c and 1632.
34
Let n = 165 + -175. Let b be (-4)/n + 108696/210. What is the highest common divisor of 14 and b?
14
Let i = 34 + -34. Let h be (i - (-20)/12)*21 + 2. Calculate the greatest common divisor of h and 148.
37
Let a = -11047 - -11055. What is the greatest common factor of 7996 and a?
4
Let y = 2826 - 2650. Calculate the highest common factor of 4752 and y.
176
Suppose -n = -0*n + 1, 4*a = -5*n + 63. Suppose 11*g = a*g - 234. What is the highest common divisor of 26 and g?
13
Suppose 69 - 134 = -5*j. Let b be 2/(-13) + 41/j. Suppose 4*l + 468 = b*u + u, l = 5*u - 601. What is the highest common factor of 11 and u?
11
Let u(a) = -2*a - 2 + 8*a - 4*a + 4*a. Let c be u(2). Let d be 1*-2 + -1 + 53. What is the greatest common divisor of c and d?
10
Let n be (13 + (-679)/35)*-230. What is the greatest common divisor of n and 8?
8
Let q = -268 + 220. Let d = 58 + q. Calculate the highest common divisor of d and 430.
10
Let r(o) = 11*o**2 + 8*o + 2. Let j be r(-1). Suppose 2*w = 4*w + t - 41, -4*w - j*t = -97. What is the greatest common divisor of w and 90?
18
Let r = 921 + -427. Let b be (-514 - -543) + (-5)/(-45) + (-1 - (-38)/(-18)). Calculate the highest common divisor of r and b.
26
Let o be 32/((40/(-15))/((-16)/12)). Let s(q) = -2*q + 62. Let i be s(-21). What is the greatest common divisor of i and o?
8
Suppose -5*o = -12 - 3. Let g be 1 + (o - (-20)/4). Let z(f) = 2*f**3 - 65*f**2 - 32*f - 15. Let m be z(33). Calculate the greatest common factor of m and g.
9
Let g = -1808 - -8696. Let i be g/18 - 24/(-18). What is the greatest common factor of 144 and i?
48
Let d(b) = 12*b**2 - 18*b + 16. Suppose 0 = 64*r - 43*r - 63. Let i be d(r). What is the greatest common factor of i and 110?
10
Let i(b) = 4*b + 111. Let s be i(-14). Let a be (-2)/(-3)*(-39)/(-2). Let x = a - 8. What is the highest common divisor of s and x?
5
Let z(d) = -d - 8. Let x be z(-2). Let f = x + 17. Suppose 50 = f*b - 10*b. What is the highest common factor of 10 and b?
10
Suppose n + 136*i - 560 = 132*i, 3*i = -4*n + 2331. Calculate the highest common divisor of n and 168.
84
Suppose -22230 = -4*y - 5*d, 2*y - d + 625 - 11747 = 0. What is the greatest common factor of y and 40?
40
Suppose 5*i + g = -28, 3*i - 3*g + g = -9. Let o(v) = 6*v**2 - 3*v - 27. Let f be o(i). What is the greatest common divisor of 6 and f?
6
Suppose 0*j + j + 3*w = 16, -10 = -j - w. Let a be (360/(-378) - (-2)/j)*-135. Calculate the greatest common divisor of a and 198.
18
Suppose 0 = -p, 3*l + 19 = 24*p - 29*p + 73. Suppose 0 = -2*s + 88 + 200. What is the greatest common divisor of l and s?
18
Let c(m) = -4*m**3 + 122*m**2 - 114*m + 9. Let q be c(29). What is the highest common divisor of 106 and q?
53
Let d = 3049 - 2991. What is the highest common factor of 2059 and d?
29
Let s = 32 + 115. Suppose 4*p + x = s, x = -4*p - p + 184. Calculate the greatest common divisor of 59